 993 - r. What is the highest common divisor of j and 70?
35
Let r = -10 - -35. Let m = 460 + -245. Suppose 5*v = -10, 2*j + j + 5*v = m. Calculate the highest common divisor of r and j.
25
Let z be (10/6)/(14/168). Suppose 4*d + 0 = z. Suppose -d*v - 24 = -74. What is the greatest common divisor of v and 10?
10
Suppose 11*q - 298 = 549. What is the greatest common factor of 11 and q?
11
Let i be 109/((-332)/56 + 6). Calculate the greatest common factor of 14 and i.
14
Suppose 5*y - 685 = 5*k, -69 - 211 = -2*y + 4*k. What is the highest common divisor of y and 670?
134
Let i be (-4 + (-80)/14)/(2/(-7)). What is the greatest common factor of 187 and i?
17
Let c(v) = -3*v**3 + 3*v**2 + v - 1. Let n be c(-3). Suppose -16 = 5*h - 11, 2*m = -2*h + 24. Calculate the greatest common divisor of m and n.
13
Let z be -4*(-13)/(416/5896). What is the greatest common divisor of z and 55?
11
Suppose h - 21*q + 3 = -26*q, 3*q = 5*h - 13. What is the greatest common divisor of h and 1?
1
Let h(v) = -v - 3. Let g be h(-9). Suppose 152 = 3*o + 2*c, -5*c = 2*o + o - 164. Calculate the highest common divisor of g and o.
6
Let o(m) = m**2 - 2*m - 3. Let k be o(-7). Let h be 623/14 - (7/(-2) + 3). What is the greatest common factor of k and h?
15
Let f be ((-4)/8)/((-4)/144). Suppose -n + f = 1. Calculate the highest common divisor of 85 and n.
17
Let x = 2704 + -382. Calculate the greatest common divisor of 108 and x.
54
Let z = -61 - -142. Let p be 4*4/(16/z). Suppose 221*f - 27 = 218*f. Calculate the greatest common divisor of f and p.
9
Let l be (666/(-10))/((-10)/50). Suppose 333 = 5*w + 148. What is the highest common factor of w and l?
37
Let h(w) = 2*w**3 - 16*w**2 + 19*w - 5. Let n be h(7). What is the greatest common divisor of n and 192?
6
Let o = -64 - -107. Let h = 46 - o. What is the greatest common divisor of h and 42?
3
Let n(a) = -4*a**3 - 2*a**2 - a - 2. Let j be n(-2). Suppose -3*w + 47 = 35. Let h(x) = 3*x**2. Let q be h(w). What is the greatest common divisor of q and j?
24
Suppose 4*n - 468 = -2*l, 4*n + l - 582 = -n. Let x be (2 - 1)*(n - 5). Calculate the greatest common factor of 74 and x.
37
Let o(p) = -p**3 + 16*p**2 - 11*p - 22. Let u be o(15). Let y = -81 + 15. Let b = 29 - y. Calculate the highest common divisor of u and b.
19
Let m be 103/1 + (-20)/4. Calculate the highest common factor of m and 28.
14
Let d(c) = 12*c + 1. Let r be d(1). Suppose 22*o - 54 = 232. What is the greatest common divisor of o and r?
13
Let m = -537 + 539. Let f(x) = -x**3 + 6*x**2 + 8*x - 4. Let r be f(5). Let g be (r - 3) + -1*m. What is the highest common divisor of 8 and g?
8
Let d = -496 + 592. What is the highest common factor of 32 and d?
32
Let q be 544/6 + 2/6. Suppose 79*b - 79 = 78*b. Suppose 38 + b = 9*t. What is the greatest common divisor of q and t?
13
Let x(m) = -m**3 + 12*m**2 - 20*m - 6. Let v be x(10). Let w be -2*(-5)/(-3)*v. Calculate the highest common divisor of w and 20.
20
Suppose -19*t + 38*t = 1881. What is the highest common factor of 66 and t?
33
Let o be (69/(-5))/(55/25 - 2). Let t = 73 + o. What is the highest common factor of 8 and t?
4
Let c(h) = -h**3 + 16*h**2 - 29*h - 42. Let y be c(8). What is the greatest common divisor of y and 70?
14
Suppose -54*n = -82*n + 18816. Calculate the greatest common factor of 48 and n.
48
Suppose -6 = 2*n - 30. Suppose -w - 3*w = -n. What is the greatest common divisor of 9 and w?
3
Let r = 11 + 0. Let u(o) = -o**2 + 13*o - 4. Let f be u(r). What is the greatest common divisor of f and 42?
6
Let v = 85 + -45. Let m(i) be the first derivative of -i**3 + 29*i**2/2 - 8*i + 30. Let d be m(9). What is the highest common divisor of v and d?
10
Suppose t - 2*v - 370 = 0, 4*v - 1091 = -3*t - 31. Suppose 0 = -4*l + 48 + 96. What is the highest common divisor of t and l?
36
Let k(v) = -32*v + 11. Let j be k(-3). Suppose 5*c = -5*s + j + 393, 100 = s - 5*c. What is the greatest common divisor of s and 20?
20
Let b(s) = s**2 - 31. Let v be b(-7). Calculate the greatest common divisor of 72 and v.
18
Suppose 5 = c + 2. Let g(u) = -u**3 + 4*u**2 - 3*u + 6. Let p be g(c). What is the highest common divisor of 66 and p?
6
Suppose 14*w - 35 = 9*w. Let k(d) = d**2 - 7*d + 7. Suppose 4*r = -r + 35. Let c be k(r). What is the greatest common divisor of w and c?
7
Suppose 4*y - 44 = -3*l, y = -0*y + 2*l. Let o(r) = 7*r**2 + 5 - 2*r + 0 + 2*r**2 - r**3 - r. Let g be o(y). Calculate the highest common divisor of g and 9.
9
Let d(s) = 6*s**2 + 142*s + 25. Let h be d(-24). What is the greatest common divisor of 73 and h?
73
Suppose 2*v = -2*i + 216, 0 = -6*v + 4*v - 4*i + 220. What is the highest common factor of 265 and v?
53
Let r be ((-58)/(-3))/(4/6). Let g be 218/(-11) - 12/66. Let c = g + r. Calculate the greatest common factor of c and 18.
9
Let v(q) = -21*q**3 + q**2 + q + 1. Let k(p) = -p. Let f be k(1). Let s be v(f). Calculate the highest common divisor of 2 and s.
2
Let q = 12 + -12. Suppose z - 110 = -q*z. Let w(n) = -7*n - 54. Let o be w(-14). What is the greatest common factor of z and o?
22
Let w = 48 - -18. Let r(g) = 13*g**3 - 1. Let k be r(1). Suppose 3*q - q - k = 0. Calculate the highest common factor of w and q.
6
Let y(l) = l**3 - 29*l**2 - 27*l - 50. Let n be y(30). What is the greatest common factor of 8 and n?
8
Suppose -h - 2 = -8. Let r(g) = -11*g**2 - 218*g + 58. Let m be r(-20). What is the greatest common factor of h and m?
6
Let a(w) be the third derivative of w**5/30 + 3*w**4/8 - 4*w**2. Let b be a(-8). Calculate the greatest common factor of 8 and b.
8
Let f(q) be the second derivative of -1/2*q**2 + 0 + q - 1/20*q**5 - 1/2*q**3 + 1/2*q**4. Let b be f(5). What is the greatest common factor of 3 and b?
3
Suppose 772 = 4*u + u + 4*s, -3*s - 447 = -3*u. Calculate the greatest common divisor of u and 8.
8
Suppose -6620 = -15*i + 1120. Calculate the greatest common factor of 12 and i.
12
Suppose 0 = -3*f - f + 1016. Suppose 4*t = -5*p + 515, -p + f - 876 = -5*t. Suppose 37 = -k + t. What is the greatest common divisor of k and 11?
11
Suppose -105 = -h + 35. Let y(o) = -2*o**3 + 29*o**2 - 38*o + 7. Let r be y(13). Calculate the greatest common factor of h and r.
20
Suppose d - 5*y - 8 = 0, -4*y = 5*d - 114 + 45. Suppose 0*g + 4*g + 8 = 0. Let l = d + g. Calculate the highest common factor of 88 and l.
11
Let y(b) = 116 - b + 21*b - 111. Let a be y(7). Let r = a - 46. Calculate the greatest common divisor of r and 9.
9
Let x = 225 - 121. Calculate the highest common factor of 286 and x.
26
Let t(x) = 619*x - 222. Let l be t(3). Calculate the highest common divisor of 218 and l.
109
Suppose 6*t = t + 210. Suppose -2*a + 4*i - 228 = 0, -i = a - 2*i + 112. Let u = -96 - a. What is the highest common factor of u and t?
14
Let z be -3 + 150 + -9 + 6/(-2). Suppose 0*u = -u - 10. Let l be 1*u*6/(-4). Calculate the greatest common divisor of z and l.
15
Suppose -9*u + 7*u - 5*b + 355 = 0, -4*b - 145 = -u. Calculate the greatest common divisor of 33 and u.
33
Suppose -4*a - 5*s + 389 = 0, 0 = a + 5*s - 6*s - 95. Calculate the highest common divisor of 36 and a.
12
Let w(y) = y - 10. Let d be w(3). Let a be (16/(-20))/((-1)/(-85)). Let i be (-18)/(-63) + a/d. Calculate the greatest common divisor of i and 90.
10
Let v be ((6 + -2)/(-2))/(-2). Let m(o) = -3*o**3 - o**2 + 2*o - 1. Let s be m(v). Let f be (1/s)/(6/(-72)). What is the greatest common divisor of f and 44?
4
Let f(z) = z**3 + 6*z**2 + 7*z + 6. Let w be f(-4). Suppose w = 2*i + 3*i. Suppose i*o = o + 24. Calculate the highest common factor of o and 16.
8
Suppose -7*v + 102 + 59 = 0. Let t = v - 7. What is the greatest common factor of t and 1?
1
Let w = 202 - 123. Suppose -2*q + 6 = 0, 2*p + 3*q = w + 140. What is the highest common divisor of 21 and p?
21
Let r(s) be the second derivative of s**3/6 - 4*s**2 - 7*s. Let i be r(10). Let o be 8/((-15)/(-6) - i). What is the greatest common divisor of 176 and o?
16
Suppose -3*r + 1 = -14. Suppose -y + 4 - r = 0. Let w be (y + 25)/(-9 + 11). Calculate the highest common factor of w and 84.
12
Suppose 17*o - 48 - 207 = 0. What is the highest common factor of o and 285?
15
Let c(u) = 0*u - 2*u + 3 + 0*u + 0*u. Let a be c(3). Let t be -1*((-14 - -1) + a). Calculate the highest common factor 